common divisor of q and p?
32
Suppose 2*u - 3*u = -3*f - 24, -3*f - 60 = -5*u. What is the highest common factor of u and 1?
1
Let n(i) = -i**3 - 7*i**2 + 2*i + 8. Let s be 1*-9*1 - -1. Let a be n(s). Suppose -17*f = -16*f - 8. Calculate the highest common factor of a and f.
8
Let l be 1*4*7/(112/460). Let h be 10/(-15)*138/(-4). What is the greatest common divisor of l and h?
23
Suppose 4*u - 65 = 3*l, 68 = 5*u + 4*l + 10. Calculate the greatest common factor of 56 and u.
14
Suppose -4*p - 142 = -5*m, 6*p - p - 70 = -2*m. Suppose -o + r + 9 = -0*o, -1 = -r. Let v be o/((-1)/(-1)*1). What is the highest common factor of m and v?
10
Let o = -16 + 20. Suppose -2 = j, -4*d + 20 = -j - 3*j. Suppose -o*r = 4*u - 134 - 26, 164 = 4*u + d*r. What is the greatest common divisor of 4 and u?
4
Let x(f) = 2*f**3 - 2*f**2 - f - 1. Suppose 2*q - 6*q = -8. Let y be x(q). Let t be (6 - (1 + 50))*(1 - 2). What is the highest common divisor of t and y?
5
Let d be (-1 - 16) + 6 + -4. Let g = d - -23. Calculate the highest common divisor of 20 and g.
4
Let h(f) = f**3 - 4*f**2 + 3*f + 3. Let o be h(3). Let m be o/(-6)*1*-52. Calculate the greatest common divisor of 39 and m.
13
Let c = 6 + -5. Let o be (-4)/(-14) + (-366)/(-42). What is the greatest common factor of c and o?
1
Let f = 11 + 61. Let s = 5 + -5. Suppose 66 = 3*r - 0*w + 4*w, 3*r + w - 57 = s. What is the highest common factor of r and f?
18
Let a(t) = -2*t**3 - 2*t**2 - 4*t - 4. Let o be a(-3). Calculate the highest common divisor of o and 396.
44
Suppose -2*k + 8 = t - 14, 4*k - 20 = 0. Calculate the highest common divisor of 108 and t.
12
Suppose i + 5*s + 78 = s, -294 = 4*i - 2*s. Let q = 38 - i. Calculate the greatest common divisor of q and 14.
14
Let b(w) = -2*w + 8. Let u be b(-3). Calculate the greatest common factor of 14 and u.
14
Let a be 32/12 - 2/3. Suppose -4*u + 0*u = 0. Suppose u = 2*f + 10, -a*q = -f + 6*f - 31. What is the greatest common factor of q and 14?
14
Let q be (-9)/(-6)*4/(-2). Let x be (-2 - 6/(-9))*q. Let d(s) = -s**3 + 3*s**2 + 5*s + 2. Let n be d(x). What is the highest common factor of n and 4?
2
Let m = -74 - -106. Calculate the highest common factor of 48 and m.
16
Let a(n) = n**3 - 4*n**2 + n. Let y be a(4). Suppose 0 = y*o - 9*o + 220. Calculate the highest common factor of o and 11.
11
Let k(m) = 25*m + 1. Let t be k(2). Suppose -4*u + 10 = -3*c + 58, 4*c - t = u. Let j be (3 - 2)/(2/c). What is the greatest common factor of 18 and j?
6
Suppose -21 = -5*l + 9. Let z be 2/(-5)*(-10)/(-2). Let f be (z/l)/(2/(-12)). What is the greatest common factor of 2 and f?
2
Let z(a) = -a**3 + 7*a**2 - 5*a + 6. Let x be z(6). What is the greatest common divisor of x and 96?
12
Let a(x) = -x**2 + 24*x. Let j be a(18). What is the highest common factor of j and 12?
12
Let a(r) = 40*r + 4. Let s(w) = w**3 - 5*w**2 + 2*w + 5. Let y be s(4). Let d be a(y). Let v = 172 + d. Calculate the highest common factor of v and 8.
8
Suppose -9 = -3*d - 5*y + 2*y, 0 = -3*d - y + 11. Suppose -2*l = -l - 3*b - 32, 2*l = -d*b + 104. Calculate the highest common divisor of l and 110.
22
Let z(r) = -2*r**3 - 4*r**2 - 4*r - 3. Let a be z(-2). Let j be (9/a)/((-3)/(-15)). What is the highest common factor of 72 and j?
9
Suppose -o = 3*y - 9, 19 = 3*o + y - 8. Let s be (6/2)/((-1)/(-21)). What is the greatest common divisor of o and s?
9
Let s be (-1)/4 + (-113)/(-4). What is the greatest common factor of 14 and s?
14
Let c(h) = h**2 + h + 3. Let w be c(-6). Suppose t = 2*p - 17, 0*t - w = -3*p - t. Suppose -j = 2*j - 30. Calculate the greatest common divisor of j and p.
10
Let l = 78 - 44. Suppose l*t = 29*t + 40. Let m(c) = -c**3 - c**2 + 2*c + 2. Let v be m(-2). Calculate the greatest common divisor of v and t.
2
Let j = 193 + -112. Let s be (j/(-45))/(3/(-10)). Calculate the greatest common divisor of s and 18.
6
Suppose 2*x - 5*x + 39 = 0. Suppose -430 = -2*z - 3*z. Let w = 229 - z. What is the greatest common factor of w and x?
13
Suppose 22 = d + 2*z, 0 = -d + 3*d - 3*z - 23. Suppose -4 + d = -4*q. Let b = q + 8. What is the highest common factor of b and 5?
5
Suppose 3*g + 5*z - 170 = 0, 5*g = 3*g + 5*z + 155. Calculate the greatest common factor of 26 and g.
13
Suppose -3*l + 3*j = -57, -41 = -3*l - 4*j + 16. Let b(g) = g**3 - 7*g - 3. Let o be b(6). Calculate the highest common factor of o and l.
19
Let y be 4*1/14*7. Suppose y*r - r = 4. Suppose r = -2*m + 6*m. Calculate the greatest common divisor of 11 and m.
1
Let t be 0 + 2/1 + -3. Let w = 0 - t. Let n(r) = 55*r**2 + r. Let d be n(w). What is the highest common factor of d and 14?
14
Let u be 114/((15/8)/5). Let b = u + -216. What is the greatest common factor of 11 and b?
11
Suppose -4*w = 2*m + 2*m - 252, 5*w + m - 319 = 0. Let h be w/12*(-45)/(-4). Suppose k - h = -2*k. Calculate the greatest common divisor of k and 5.
5
Suppose 0*o = -2*o - 4, 0 = -z - 2*o - 3. Suppose 0 = w - 5*w. Suppose 4*u - 8 = w, -20 = -4*r + 7*u - 3*u. Calculate the highest common factor of r and z.
1
Suppose -3*i = -3*h - 3, -3*i = -5*i - 3*h + 17. Suppose i*l = -0*l + 20. What is the greatest common divisor of l and 5?
5
Suppose 3*q + 17 = -4*d - 6, -10 = 2*q. Let f be ((-6)/4)/(1/d). What is the highest common divisor of f and 15?
3
Let r = -206 + 374. What is the highest common divisor of 21 and r?
21
Suppose m - 4 = -1. Suppose 17 = -m*t + 101. What is the greatest common factor of 14 and t?
14
Let b(g) = -g**2 - 6*g - 1. Let o be b(-4). Let c = o + -4. Let h be (4/6)/(4/6). Calculate the greatest common factor of c and h.
1
Let s = 8 - 3. Let x = s + -4. What is the greatest common factor of x and 4?
1
Let q = -157 + 222. Let o(r) = -3*r**3 - 2*r**2 + r - 1. Let l be o(-2). What is the greatest common factor of l and q?
13
Suppose 4*d - 417 = 223. What is the highest common divisor of d and 20?
20
Suppose 0 = z - 2*u - 8 - 6, -21 = -z - 5*u. Calculate the greatest common factor of z and 16.
16
Suppose -y = 3*y - 140. Let b be 94/14 - (-4)/14. Calculate the greatest common factor of b and y.
7
Let g = 58 - 18. Suppose 3*a + 13 = g. Calculate the highest common factor of a and 63.
9
Let m(g) = 6*g - 2. Let q be m(2). Suppose 3*c + n = -0*n + 64, 4*c - 3*n = 68. What is the greatest common factor of c and q?
10
Let h be (5 - 2)/(1/5). Calculate the highest common divisor of h and 3.
3
Suppose 5*c = -3*v + 95, -2*v = -2*c + 3*c - 75. Calculate the highest common factor of 5 and v.
5
Suppose -4*l = 413 - 1453. What is the greatest common divisor of l and 52?
52
Let m(r) = r**2 - 5*r + 13. Let j be m(5). What is the greatest common divisor of 104 and j?
13
Suppose -c = 3*l - l - 6, -2*c = -5*l - 3. Let b = c - -5. What is the greatest common divisor of 1 and b?
1
Let w be (-6)/(-5)*20/6. Suppose -2*y + 99 = y - w*g, -5*y + 4*g + 157 = 0. Let s = y - 14. Calculate the highest common factor of s and 5.
5
Suppose 4*w + 428 = -0*w. Let s = w - -156. Suppose -a + 3 = 4*g, -3*a = a + g - 27. Calculate the highest common divisor of a and s.
7
Let k(a) = a**3 + a**2 - 10. Let o be k(0). Let b = 22 + o. Calculate the greatest common factor of b and 12.
12
Suppose -7*v + 25 = -3. Calculate the highest common factor of 1 and v.
1
Let f be -1 - (39/(-1))/1. Calculate the greatest common factor of 57 and f.
19
Suppose 0*h = -5*b - h + 87, 5*b - 3*h - 99 = 0. Calculate the highest common factor of b and 6.
6
Let y = -249 - -406. Let m = y + -107. Suppose m = 3*c + 2*c. What is the greatest common divisor of 5 and c?
5
Suppose 4*x + 11 = 5*i, 3*i - i - 4*x = 2. What is the highest common factor of 1 and i?
1
Let m be (1/(-5))/(34/(-85))*510. Calculate the highest common divisor of 15 and m.
15
Let p = -12 + 22. What is the greatest common divisor of p and 10?
10
Let p = -29 - -21. Let w be (-2)/(-1) - (p - -5). What is the greatest common divisor of 5 and w?
5
Suppose -29 - 13 = -2*t. Calculate the highest common divisor of t and 3.
3
Suppose 3*k + 18 = 6*k. Suppose -4*s - 64 = -2*h, -h + 2*s = k*s - 20. Let a = h - 14. Calculate the greatest common factor of 70 and a.
14
Let j(k) = -k**3 - k**2 - 3*k - 3. Let r be j(-2). Suppose -2 = -2*b, -3*b = 2*z - r*b - 436. Calculate the highest common factor of z and 20.
20
Suppose -4*v = -5*q - 216, 5*v + 3*q = -0*q + 270. Le